{"id":109,"date":"2014-04-05T08:52:37","date_gmt":"2014-04-05T08:52:37","guid":{"rendered":"http:\/\/montsearbelojosebafranco.net\/art\/?page_id=109"},"modified":"2021-05-02T21:51:11","modified_gmt":"2021-05-02T21:51:11","slug":"nomads","status":"publish","type":"page","link":"https:\/\/montsearbelojosebafranco.net\/art\/nomads\/","title":{"rendered":"n\u00f3madas"},"content":{"rendered":"<p><img decoding=\"async\" loading=\"lazy\" class=\"aligncenter wp-image-611\" src=\"http:\/\/montsearbelojosebafranco.net\/art\/wp-content\/uploads\/2014\/04\/NOMADAS-OrienteOccidente_cc.jpg\" alt=\"NOMADAS-OrienteOccidente_CCCB_MontseArbeloJosebaFranco\" width=\"798\" height=\"599\" data-id=\"611\" \/><\/p>\n<p style=\"text-align: justify;\"><span style=\"font-family: Verdana,sans-serif; color: #000000;\"><span style=\"font-size: small;\"><strong>N\u00d3MADAS Oriente\/Occidente.<\/strong> Los conceptos Oriente\/Occidente representan mucho m\u00e1s de lo que nuestros ojos nos permiten ver. S\u00f3lo la suma de los sentidos nos posibilita acercarnos a dos mundos aparentemente tan distantes y distintos. El imaginario colectivo nos remite a culturas que, durante milenios, han evolucionado de forma dispar. Sin embargo, encontrar hoy en d\u00eda una l\u00ednea n\u00edtida diferenciadora es notoriamente imposible. Occidente ha exportado a todo el mundo su forma de vida, costumbres y su cultura, penetrando en Oriente de tal manera que resulta a todas luces evidente la confluencia de expectativas de futuro. Del mismo modo, Oriente se ha hecho presente en nuestra cotidianidad de m\u00faltiples maneras: espiritualidad, cultura, deportes, comida, tecnolog\u00eda&#8230; <\/span><\/span><\/p>\n<p style=\"text-align: justify;\"><span style=\"font-family: Verdana,sans-serif; color: #000000;\"><span style=\"font-size: small;\">Como en un juego de espejos, nos hemos visto reflejados en m\u00faltiples historias. Actores y expectadores en un mundo multipolar donde la imaginaci\u00f3n se ha plasmado en m\u00e1s de 50 horas de grabaciones en v\u00eddeo y miles de fotograf\u00edas formando un mosaico, un puzzle que intentamos ordenar.<\/span><\/span><\/p>\n<p style=\"text-align: justify;\"><span style=\"color: #ff6600;\"><a style=\"color: #ff6600;\" title=\"n\u00f3madas\" href=\"http:\/\/montsearbelojosebafranco.net\/Nomadas\/NOMADAS_concepto.htm\" target=\"_blank\"><span style=\"font-family: Verdana,sans-serif;\"><span style=\"font-size: small;\">Ir a proyecto.<\/span><\/span><\/a><\/span><\/p>\n","protected":false},"excerpt":{"rendered":"<p>N\u00d3MADAS Oriente\/Occidente. Los conceptos Oriente\/Occidente representan mucho m\u00e1s de lo que nuestros ojos nos permiten ver. S\u00f3lo la suma de los sentidos nos posibilita acercarnos a dos mundos aparentemente tan distantes y distintos. El imaginario colectivo nos remite a culturas &hellip; <a href=\"https:\/\/montsearbelojosebafranco.net\/art\/nomads\/\">Continuar<\/a><\/p>\n","protected":false},"author":1,"featured_media":0,"parent":0,"menu_order":0,"comment_status":"open","ping_status":"open","template":"page-portfolio.php","meta":{"nf_dc_page":"","footnotes":""},"class_list":["post-109","page","type-page","status-publish","hentry"],"_links":{"self":[{"href":"https:\/\/montsearbelojosebafranco.net\/art\/wp-json\/wp\/v2\/pages\/109","targetHints":{"allow":["GET"]}}],"collection":[{"href":"https:\/\/montsearbelojosebafranco.net\/art\/wp-json\/wp\/v2\/pages"}],"about":[{"href":"https:\/\/montsearbelojosebafranco.net\/art\/wp-json\/wp\/v2\/types\/page"}],"author":[{"embeddable":true,"href":"https:\/\/montsearbelojosebafranco.net\/art\/wp-json\/wp\/v2\/users\/1"}],"replies":[{"embeddable":true,"href":"https:\/\/montsearbelojosebafranco.net\/art\/wp-json\/wp\/v2\/comments?post=109"}],"version-history":[{"count":41,"href":"https:\/\/montsearbelojosebafranco.net\/art\/wp-json\/wp\/v2\/pages\/109\/revisions"}],"predecessor-version":[{"id":1304,"href":"https:\/\/montsearbelojosebafranco.net\/art\/wp-json\/wp\/v2\/pages\/109\/revisions\/1304"}],"wp:attachment":[{"href":"https:\/\/montsearbelojosebafranco.net\/art\/wp-json\/wp\/v2\/media?parent=109"}],"curies":[{"name":"wp","href":"https:\/\/api.w.org\/{rel}","templated":true}]}}