{"id":1495,"date":"2025-09-09T16:23:35","date_gmt":"2025-09-09T16:23:35","guid":{"rendered":"https:\/\/montsearbelojosebafranco.net\/art\/?page_id=1495"},"modified":"2026-03-25T23:03:35","modified_gmt":"2026-03-25T23:03:35","slug":"literatura","status":"publish","type":"page","link":"https:\/\/montsearbelojosebafranco.net\/art\/literatura\/","title":{"rendered":"literatura"},"content":{"rendered":"<pre><span style=\"color: #000000;\">Nueva Aventura Literaria de:\r\nMontse Arbelo y Joseba Franco,\r\nartistas multidisciplinares.<\/span><\/pre>\n<p><span style=\"color: #000000;\"><img decoding=\"async\" loading=\"lazy\" class=\"alignright size-full wp-image-1815\" src=\"https:\/\/montsearbelojosebafranco.net\/art\/wp-content\/uploads\/2026\/01\/JURERE-NOCTURNO-Y-POEMAS-CLUB-M.jpg\" alt=\"\" width=\"977\" height=\"822\" srcset=\"https:\/\/montsearbelojosebafranco.net\/art\/wp-content\/uploads\/2026\/01\/JURERE-NOCTURNO-Y-POEMAS-CLUB-M.jpg 977w, https:\/\/montsearbelojosebafranco.net\/art\/wp-content\/uploads\/2026\/01\/JURERE-NOCTURNO-Y-POEMAS-CLUB-M-785x660.jpg 785w, https:\/\/montsearbelojosebafranco.net\/art\/wp-content\/uploads\/2026\/01\/JURERE-NOCTURNO-Y-POEMAS-CLUB-M-768x646.jpg 768w\" sizes=\"auto, (max-width: 977px) 100vw, 977px\" \/>contacto:<\/span> <a href=\"mailto:montsearbelojosebafranco@gmail.com\" target=\"_blank\" rel=\"noopener\">montsearbelojosebafranco@gmail.com<\/a><\/p>\n<p>&nbsp;<\/p>\n<h3><b><img decoding=\"async\" loading=\"lazy\" class=\"wp-image-1477 aligncenter\" src=\"https:\/\/montsearbelojosebafranco.net\/art\/wp-content\/uploads\/2025\/09\/JURERE-NOCTURNO_Joseba-Franco.jpg\" alt=\"G\" width=\"530\" height=\"500\" \/><\/b><\/h3>\n<p align=\"JUSTIFY\"><span style=\"color: #000000;\"><b>JURER\u00c9 NOCTURNO. Joseba Franco<\/b><\/span><\/p>\n<p align=\"JUSTIFY\"><span style=\"color: #000000;\">Am\u00e9rica, Europa, Asia y \u00c1frica como escenarios y tres protagonistas principales acompa\u00f1ados por m\u00e1s de sesenta secundarios. Los hay malos y mal\u00edsimos; buenos, buenos&#8230;, quiz\u00e1 ninguno, todos con un pasado y la mayor\u00eda sin futuro. C\u00e9sar, uno de esos tres protagonistas opina que: \u00ab&#8230;tienes que reconocerlo, el v\u00e9rtigo de buscar los l\u00edmites te debi\u00f3 cegar. Imposible calificarla de vibrante combinaci\u00f3n de novela negra, de ficci\u00f3n biogr\u00e1fica, de aventuras, incluso er\u00f3tica y divertida en ocasiones, pero lo har\u00eda si tuviera que declarar ante un juez\u00bb. Una historia de ficci\u00f3n que puede ser real o una historia real que tal vez nunca sucedi\u00f3. T\u00fa decides.<\/span><\/p>\n<pre><span style=\"color: #000000;\">ISBN: 978-84-09-71967-9<\/span><\/pre>\n<pre><span style=\"color: #000000;\">Difruta de la lectura.<\/span> \r\n<span style=\"color: #ff0000;\"><a style=\"color: #ff0000;\" title=\"DESCARGAR\" href=\"https:\/\/montsearbelojosebafranco.net\/art\/descargar-nuestros-libros\/\">Descargar gratis epub: JURER\u00c9 NOCTURNO<\/a>.<\/span><\/pre>\n<p>&nbsp;<\/p>\n<h6><span style=\"color: #000000;\">@Todos los derechos reservados<\/span><\/h6>\n<p align=\"JUSTIFY\"><img decoding=\"async\" loading=\"lazy\" class=\"wp-image-1478 aligncenter\" src=\"https:\/\/montsearbelojosebafranco.net\/art\/wp-content\/uploads\/2025\/09\/POEMAS-CLUB-M_Montse-Arbelo.jpg\" alt=\"\" width=\"462\" height=\"594\" \/><\/p>\n<p align=\"JUSTIFY\"><span style=\"color: #000000;\"><b>POEMAS CLUB M. Montse Arbelo<\/b><\/span><\/p>\n<p align=\"JUSTIFY\"><span style=\"color: #000000;\">\u201cClaros se abren en el cielo, firmamento de estrellas, deseo ardientemente que regreses a mi lado. Locura calmada, con cientos de deseos colmados, extra\u00f1a que el mundo se abandone a la barbarie m\u00e1s inmunda, al dolor, conociendo el placer del amor.\u201d<\/span><\/p>\n<pre><span style=\"color: #000000;\">ISBN: 978-84-09-75426-7\r\n<\/span><\/pre>\n<pre><span style=\"color: #000000;\">Difruta de la lectura.<\/span> \r\n<span style=\"color: #ff0000;\"><a style=\"color: #ff0000;\" title=\"DESCARGAR\" href=\"https:\/\/montsearbelojosebafranco.net\/art\/descargar-nuestros-libros\/\">Descargar gratis epub: POEMAS CLUB M<\/a><\/span><\/pre>\n<h6><span style=\"color: #000000;\">\u00a0@Todos los derechos reservados<\/span><\/h6>\n<p>&nbsp;<\/p>\n<pre><\/pre>\n<pre><span style=\"color: #000000;\">OBRAS LITERARIAS de Joseba Franco y Montse Arbelo<\/span><\/pre>\n<p align=\"JUSTIFY\"><span style=\"color: #000000;\"><b>AUTOR: JOSEBA FRANCO<br \/>\n<\/b><\/span><\/p>\n<p align=\"JUSTIFY\"><span style=\"color: #000000;\">480 GOTAS SOBRE EL MAR DE ZANZ\u00cdBAR, LA VIDA ES UNA PROFESI\u00d3N DE RIESGO, JURER\u00c9 NOCTURNO.<\/span><\/p>\n<p align=\"JUSTIFY\"><img decoding=\"async\" loading=\"lazy\" class=\"wp-image-1712 aligncenter\" src=\"https:\/\/montsearbelojosebafranco.net\/art\/wp-content\/uploads\/2025\/09\/Libros_Joseba-Franco.jpg\" alt=\"\" width=\"513\" height=\"562\" \/><\/p>\n<p><span style=\"color: #000000;\">contacto:<\/span> <a href=\"mailto:montsearbelojosebafranco@gmail.com\" target=\"_blank\" rel=\"noopener\">montsearbelojosebafranco@gmail.com<\/a><\/p>\n<p>&nbsp;<\/p>\n<pre><span style=\"color: #000000;\">OBRAS LITERARIAS de Montse Arbelo y Joseba Franco<\/span><\/pre>\n<p align=\"JUSTIFY\"><span style=\"color: #000000;\"><b>AUTORA: Montse Arbelo<\/b><\/span><\/p>\n<p align=\"JUSTIFY\"><span style=\"color: #000000;\">POEMAS CLUB M, POEMAS SUR, POEMAS ORIENTE.<\/span><\/p>\n<p align=\"JUSTIFY\"><span style=\"color: #000000;\"><img decoding=\"async\" loading=\"lazy\" class=\"wp-image-1715 aligncenter\" src=\"https:\/\/montsearbelojosebafranco.net\/art\/wp-content\/uploads\/2025\/09\/Libros_Montse-Arbelo.jpg\" alt=\"\" width=\"513\" height=\"601\" \/><\/span><\/p>\n<p><span style=\"color: #000000;\">contacto:<\/span> <a href=\"mailto:montsearbelojosebafranco@gmail.com\" target=\"_blank\" rel=\"noopener\">montsearbelojosebafranco@gmail.com<\/a><\/p>\n<p>&nbsp;<\/p>\n<p>&nbsp;<\/p>\n<p align=\"JUSTIFY\">\n","protected":false},"excerpt":{"rendered":"<p>Nueva Aventura Literaria de: Montse Arbelo y Joseba Franco, artistas multidisciplinares. contacto: montsearbelojosebafranco@gmail.com &nbsp; JURER\u00c9 NOCTURNO. Joseba Franco Am\u00e9rica, Europa, Asia y \u00c1frica como escenarios y tres protagonistas principales acompa\u00f1ados por m\u00e1s de sesenta secundarios. Los hay malos y mal\u00edsimos; &hellip; <a href=\"https:\/\/montsearbelojosebafranco.net\/art\/literatura\/\">Continuar<\/a><\/p>\n","protected":false},"author":1,"featured_media":0,"parent":0,"menu_order":0,"comment_status":"closed","ping_status":"closed","template":"","meta":{"nf_dc_page":"","footnotes":""},"class_list":["post-1495","page","type-page","status-publish","hentry"],"_links":{"self":[{"href":"https:\/\/montsearbelojosebafranco.net\/art\/wp-json\/wp\/v2\/pages\/1495","targetHints":{"allow":["GET"]}}],"collection":[{"href":"https:\/\/montsearbelojosebafranco.net\/art\/wp-json\/wp\/v2\/pages"}],"about":[{"href":"https:\/\/montsearbelojosebafranco.net\/art\/wp-json\/wp\/v2\/types\/page"}],"author":[{"embeddable":true,"href":"https:\/\/montsearbelojosebafranco.net\/art\/wp-json\/wp\/v2\/users\/1"}],"replies":[{"embeddable":true,"href":"https:\/\/montsearbelojosebafranco.net\/art\/wp-json\/wp\/v2\/comments?post=1495"}],"version-history":[{"count":88,"href":"https:\/\/montsearbelojosebafranco.net\/art\/wp-json\/wp\/v2\/pages\/1495\/revisions"}],"predecessor-version":[{"id":1983,"href":"https:\/\/montsearbelojosebafranco.net\/art\/wp-json\/wp\/v2\/pages\/1495\/revisions\/1983"}],"wp:attachment":[{"href":"https:\/\/montsearbelojosebafranco.net\/art\/wp-json\/wp\/v2\/media?parent=1495"}],"curies":[{"name":"wp","href":"https:\/\/api.w.org\/{rel}","templated":true}]}}